{"id":552,"date":"2025-07-21T16:39:16","date_gmt":"2025-07-21T14:39:16","guid":{"rendered":"https:\/\/meshtastic.lorapaca.org\/?page_id=552"},"modified":"2025-07-21T17:13:44","modified_gmt":"2025-07-21T15:13:44","slug":"couverture-meshtastic-paca","status":"publish","type":"page","link":"https:\/\/meshtastic.lorapaca.org\/?page_id=552","title":{"rendered":"Couverture Meshtastic PACA"},"content":{"rendered":"\n<p>Zones Meshtastic LongFast test\u00e9es et marqu\u00e9es par nos membres dans la r\u00e9gion PACA<\/p>\n\n\n\n<iframe loading=\"lazy\" width=\"100%\" height=\"600px\" frameborder=\"0\" allowfullscreen allow=\"geolocation\" src=\"\/\/framacarte.org\/fr\/map\/couverture-du-reseau-meshtastic-paca_212254?scaleControl=false&#038;miniMap=false&#038;scrollWheelZoom=false&#038;zoomControl=true&#038;editMode=disabled&#038;moreControl=true&#038;searchControl=null&#038;tilelayersControl=null&#038;embedControl=null&#038;datalayersControl=true&#038;onLoadPanel=none&#038;captionBar=false&#038;captionMenus=true\"><\/iframe><p><a href=\"\/\/framacarte.org\/fr\/map\/couverture-du-reseau-meshtastic-paca_212254?scaleControl=false&#038;miniMap=false&#038;scrollWheelZoom=true&#038;zoomControl=true&#038;editMode=disabled&#038;moreControl=true&#038;searchControl=null&#038;tilelayersControl=null&#038;embedControl=null&#038;datalayersControl=true&#038;onLoadPanel=none&#038;captionBar=false&#038;captionMenus=true\">Cliquez ici pour voir plein \u00e9cran<\/a><\/p>\n\n\n\n<p><a href=\"https:\/\/framacarte.org\/fr\/login\/?next=\/fr\/me\" data-type=\"link\" data-id=\"https:\/\/framacarte.org\/fr\/login\/?next=\/fr\/me\">Lien direct pour modifier ou ajouter les marqueurs<\/a><br><em>Uniquement r\u00e9serv\u00e9 aux personnes autoris\u00e9es<\/em><\/p>\n","protected":false},"excerpt":{"rendered":"<p>Zones Meshtastic LongFast test\u00e9es et marqu\u00e9es par nos membres dans la r\u00e9gion PACA Cliquez ici pour voir plein \u00e9cran Lien&hellip;<\/p>\n","protected":false},"author":1,"featured_media":0,"parent":0,"menu_order":10,"comment_status":"closed","ping_status":"closed","template":"","meta":{"footnotes":""},"class_list":["post-552","page","type-page","status-publish","hentry"],"_links":{"self":[{"href":"https:\/\/meshtastic.lorapaca.org\/index.php?rest_route=\/wp\/v2\/pages\/552","targetHints":{"allow":["GET"]}}],"collection":[{"href":"https:\/\/meshtastic.lorapaca.org\/index.php?rest_route=\/wp\/v2\/pages"}],"about":[{"href":"https:\/\/meshtastic.lorapaca.org\/index.php?rest_route=\/wp\/v2\/types\/page"}],"author":[{"embeddable":true,"href":"https:\/\/meshtastic.lorapaca.org\/index.php?rest_route=\/wp\/v2\/users\/1"}],"replies":[{"embeddable":true,"href":"https:\/\/meshtastic.lorapaca.org\/index.php?rest_route=%2Fwp%2Fv2%2Fcomments&post=552"}],"version-history":[{"count":2,"href":"https:\/\/meshtastic.lorapaca.org\/index.php?rest_route=\/wp\/v2\/pages\/552\/revisions"}],"predecessor-version":[{"id":560,"href":"https:\/\/meshtastic.lorapaca.org\/index.php?rest_route=\/wp\/v2\/pages\/552\/revisions\/560"}],"wp:attachment":[{"href":"https:\/\/meshtastic.lorapaca.org\/index.php?rest_route=%2Fwp%2Fv2%2Fmedia&parent=552"}],"curies":[{"name":"wp","href":"https:\/\/api.w.org\/{rel}","templated":true}]}}